ndreds digit of 1405167524?
5
What is the billions digit of 4263576866?
4
What is the millions digit of 349667527?
9
What is the thousands digit of 9889526?
9
What is the ten millions digit of 85104984?
8
What is the thousands digit of 43097483?
7
What is the hundred millions digit of 4391010985?
3
What is the millions digit of 11454897?
1
What is the hundreds digit of 187617009?
0
What is the units digit of 2517276325?
5
What is the thousands digit of 108414677?
4
What is the ten millions digit of 46614216?
4
What is the ten millions digit of 5979123949?
7
What is the units digit of 84488558?
8
What is the ten thousands digit of 343062279?
6
What is the thousands digit of 166127496?
7
What is the tens digit of 114122983?
8
What is the ten millions digit of 360039365?
6
What is the millions digit of 282322697?
2
What is the hundreds digit of 3027649026?
0
What is the hundred millions digit of 6920220381?
9
What is the units digit of 67783446?
6
What is the ten thousands digit of 3253587592?
8
What is the millions digit of 217587921?
7
What is the ten millions digit of 518451880?
1
What is the hundred thousands digit of 31001276?
0
What is the thousands digit of 5507647979?
7
What is the hundred thousands digit of 233066848?
0
What is the ten thousands digit of 1551382635?
8
What is the hundreds digit of 17441383?
3
What is the hundred thousands digit of 125443174?
4
What is the millions digit of 144472355?
4
What is the hundred thousands digit of 76753455?
7
What is the thousands digit of 2621046815?
6
What is the ten millions digit of 4634450905?
3
What is the hundred thousands digit of 29658880?
6
What is the thousands digit of 294324124?
4
What is the tens digit of 469149060?
6
What is the hundred millions digit of 277926006?
2
What is the tens digit of 307477957?
5
What is the hundred thousands digit of 5248784047?
7
What is the hundreds digit of 28030783?
7
What is the hundred thousands digit of 135365743?
3
What is the thousands digit of 1200986141?
6
What is the hundreds digit of 887709?
7
What is the tens digit of 6207341613?
1
What is the hundred millions digit of 1382362092?
3
What is the units digit of 180226859?
9
What is the ten millions digit of 123828608?
2
What is the millions digit of 678331615?
8
What is the millions digit of 116140310?
6
What is the tens digit of 227719898?
9
What is the ten millions digit of 2475637615?
7
What is the billions digit of 6683578899?
6
What is the tens digit of 31888577?
7
What is the hundred thousands digit of 890198439?
1
What is the ten millions digit of 143540061?
4
What is the ten millions digit of 1410474658?
1
What is the thousands digit of 56809120?
9
What is the tens digit of 790501487?
8
What is the thousands digit of 33090767?
0
What is the hundred thousands digit of 95496612?
4
What is the hundreds digit of 547716836?
8
What is the millions digit of 164713601?
4
What is the tens digit of 27193511?
1
What is the hundreds digit of 2916235881?
8
What is the ten millions digit of 687239184?
8
What is the tens digit of 4664865926?
2
What is the hundreds digit of 203046455?
4
What is the tens digit of 109253479?
7
What is the hundred millions digit of 523000476?
5
What is the units digit of 22986190?
0
What is the ten millions digit of 363508796?
6
What is the hundreds digit of 6003546984?
9
What is the units digit of 590203798?
8
What is the millions digit of 92327485?
2
What is the billions digit of 5752609235?
5
What is the hundred thousands digit of 15214874?
2
What is the units digit of 315804009?
9
What is the millions digit of 253370900?
3
What is the units digit of 33430075?
5
What is the hundred thousands digit of 742291889?
2
What is the tens digit of 417855102?
0
What is the hundreds digit of 24155159?
1
What is the tens digit of 61297103?
0
What is the hundred thousands digit of 172584572?
5
What is the hundred thousands digit of 297380349?
3
What is the tens digit of 13820964?
6
What is the thousands digit of 5976296597?
6
What is the ten millions digit of 388867717?
8
What is the ten millions digit of 53067127?
5
What is the units digit of 238019273?
3
What is the hundreds digit of 18497907?
9
What is the ten millions digit of 6109639649?
0
What is the ten thousands digit of 650015?
5
What is the ten millions digit of 15385659?
1
What is the millions digit of 668122690?
8
What is the ten millions digit of 28549295?
2
What is the hundred thousands digit of 21495857?
4
What is the tens digit of 350308062?
6
What is the thousands digit of 542719916?
9
What is the ten millions digit of 3635851040?
3
What is the millions digit of 94555598?
4
What is the units digit of 917963245?
5
What is the hundreds digit of 448719668?
6
What is the hundreds digit of 30395071?
0
What is the ten millions digit of 1343553647?
4
What is the ten millions digit of 106816038?
0
What is the millions digit of 1425743751?
5
What is the units digit of 44163286?
6
What is the units digit of 79460090?
0
What is the thousands digit of 1553151326?
1
What is the hundred thousands digit of 73525083?
5
What is the ten millions digit of 19810078?
1
What is the ten thousands digit of 44262266?
6
What is the hundred thousands digit of 33582014?
5
What is the units digit of 107181813?
3
What is the millions digit of 388053441?
8
What is the ten millions digit of 2297413519?
9
What is the millions digit of 854341891?
4
What is the tens digit of 18149087?
8
What is the hundreds digit of 377513119?
1
What is the ten thousands digit of 680844760?
4
What is the hundreds digit of 1619042716?
7
What is the tens digit of 15502904?
0
What is the hundreds digit of 298844320?
3
What is the hundred millions digit of 1943718743?
9
What is the ten thousands digit of 39731114?
3
What is the hundred millions digit of 157283250?
1
What is the hundred millions digit of 2661667109?
6
What is the millions digit of 204103867?
4
What is the tens digit of 179527690?
9
What is the ten millions digit of 63417085?
6
What is the billions digit of 1138081147?
1
What is the hundred millions digit of 993081509?
9
What is the hundreds digit of 49419601?
6
What is the billions digit of 1726784662?
1
What is the tens digit of 1624177853?
5
What is the hundreds digit of 353627484?
4
What is the units digit of 37173841?
1
What is the millions digit of 50110845?
0
What is the hundred thousands digit of 317847562?
8
What is the hundred thousands digit of 28804422?
8
What is the billions digit of 3699298586?
3
What is the units digit of 202369241?
1
What is the hundred thousands digit of 1032337091?
3
What is the ten millions digit of 1254782074?
5
What is the millions digit of 2443020924?
3
What is the hundred millions digit of 2042096245?
0
What is the ten thousands digit of 641390135?
9
What is the hundred thousands digit of 146711121?
7
What is the millions digit of 3134788217?
4
What is the hundred thousands digit of 797666076?
6
What is the thousands digit of 44978574?
8
What is the hundred millions digit of 668989968?
6
What is the hundred thousands digit of 340617899?
6
What is the hundreds digit of 44630234?
2
What is the hundred millions digit of 130915673?
1
What is the hundreds digit of 1568680471?
4
What is the ten millions digit of 67171480?
6
What is the hundred millions digit of 198464737?
1
What is the units digit of 52887884?
4
What is the thousands digit of 3853788747?
8
What is the tens digit of 568580947?
4
What is the hundreds digit of 826518152?
1
What is the millions digit of 190035886?
0
What is the thousands digit of 194371296?
1
What is the hundred thousands digit of 45600710?
6
What is the hundreds digit of 5019361?
3
What is the hundreds digit of 109584796?
7
What is the ten thousands digit of 84517255?
1
What is the ten thousands digit of 30291376?
9
What is the billions digit of 1381306130?
1
What is the ten thousands digit of 394215334?
1
What is the units digit of 565854079?
9
What is the millions digit of 1456707159?
6
What is the billions digit of 3859150802?
3
What is the hundred thousands digit of 20862992?
8
What is the thousands digit of 3487157920?
7
What is the units digit of 280471307?
7
What is the ten thousands digit of 454101785?
0
What is the hundreds digit of 889981005?
0
What is the hundred thousands